4
In base 10, what is 15597 - -89?
15686
In base 8, what is -41 - 12762?
-13023
In base 14, what is 68 - -3219?
3283
In base 9, what is 1 + 5382?
5383
In base 2, what is -100000010110011101001 + -10?
-100000010110011101011
In base 4, what is -2003 - -22121?
20112
In base 7, what is -5460 + -564?
-6354
In base 2, what is -11000111101001110001 + -101?
-11000111101001110110
In base 11, what is -7a2 + 30?
-772
In base 5, what is 3300 - 1340?
1410
In base 11, what is -279 + -123?
-3a1
In base 12, what is 1268b66 + 0?
1268b66
In base 7, what is -1434 - 24403?
-26140
In base 16, what is -5 + -47ac?
-47b1
In base 10, what is 28693 - 3?
28690
In base 7, what is 4 - -345541?
345545
In base 13, what is 17 - -2100?
2117
In base 9, what is -414847 - 0?
-414847
In base 2, what is 0 - 1101001000110111?
-1101001000110111
In base 9, what is -3 + 532811?
532807
In base 9, what is -20 + -13125?
-13145
In base 2, what is 11001001100100010110000 - -1?
11001001100100010110001
In base 6, what is 3320 + 302?
4022
In base 5, what is 244 - 431?
-132
In base 3, what is -221002 - -220?
-220012
In base 10, what is -511108 + -4?
-511112
In base 9, what is -6 + 2132662?
2132655
In base 6, what is 5224 - 41?
5143
In base 8, what is 224 - 413?
-167
In base 4, what is 3 - 32030002?
-32023333
In base 13, what is 25083 + 2?
25085
In base 11, what is 3a89 + 142?
4120
In base 9, what is 6 - 80235?
-80228
In base 6, what is 0 + 23101?
23101
In base 3, what is 10021001221 - 1122?
10021000022
In base 5, what is 10 + -1121211?
-1121201
In base 8, what is -16471 - 27?
-16520
In base 2, what is 11011110001 - 1101?
11011100100
In base 6, what is 234325 + 1?
234330
In base 16, what is 1713 + -8?
170b
In base 5, what is -12343231 - 3?
-12343234
In base 16, what is 6 + 1eae?
1eb4
In base 7, what is -1 + -305310?
-305311
In base 4, what is -1133121231 - -11?
-1133121220
In base 10, what is 1168 - -1?
1169
In base 8, what is 1714 + 256?
2172
In base 10, what is -2 + -39362?
-39364
In base 4, what is 220 - -1021123?
1022003
In base 3, what is -100210011110 - -10?
-100210011100
In base 8, what is 3 + -111334?
-111331
In base 11, what is -1 - 9a1a?
-9a20
In base 2, what is -11 + 11110011001011001001?
11110011001011000110
In base 3, what is -1100 + 111001001?
110222201
In base 4, what is 32120203123 + 11?
32120203200
In base 14, what is -b458 - -2?
-b456
In base 10, what is -41 + 42584?
42543
In base 5, what is -2 + -12133033?
-12133040
In base 4, what is -3130 - 23213?
-33003
In base 12, what is -36 - -8836?
8800
In base 13, what is 5 - b0997?
-b0992
In base 10, what is -1 + -1251294?
-1251295
In base 10, what is 29 - 1752?
-1723
In base 14, what is 2 + -5a89d?
-5a89b
In base 8, what is 121 + -12341?
-12220
In base 16, what is 83aa - -10?
83ba
In base 13, what is 45 + 1023?
1068
In base 2, what is 11101110 + -1001001010?
-101011100
In base 10, what is 1 - -46191?
46192
In base 6, what is 110145 + 0?
110145
In base 6, what is 112401 + -112?
112245
In base 3, what is -11 - -2100022221?
2100022210
In base 4, what is 131 + -2313?
-2122
In base 5, what is 41 + 144211?
144302
In base 10, what is 12 - 10922?
-10910
In base 11, what is -2808 - -61?
-2757
In base 8, what is 125 + -2060?
-1733
In base 3, what is -12010 + -1011?
-20021
In base 5, what is 130144 - -20?
130214
In base 2, what is 100011010111111 + -1?
100011010111110
In base 5, what is 3 - -111323331?
111323334
In base 5, what is 2241333 - 112?
2241221
In base 9, what is -871 - 31?
-1012
In base 3, what is 2 + -112112112?
-112112110
In base 9, what is 3 - -1320165?
1320168
In base 14, what is c2b - -d8?
d25
In base 3, what is -1 - -101122222?
101122221
In base 14, what is 0 + 251bba?
251bba
In base 16, what is 3c + 3a?
76
In base 15, what is -29 - 17758?
-17782
In base 6, what is 14552 - -300?
15252
In base 11, what is 12a4 + 1009?
2302
In base 9, what is -146061 + -6?
-146067
In base 15, what is 8 - -778c?
7795
In base 9, what is -107 - 50027?
-50135
In base 10, what is 5 + -526037?
-526032
In base 11, what is -5 - -103569?
103564
In base 13, what is -41 + -3a3?
-414
In base 14, what is -3 + -191ba?
-191bd
In base 10, what is 0 + -485971?
-485971
In base 6, what is -3413 - 2512?
-10325
In base 14, what is 1c - 2c80?
-2c62
In base 16, what is -3bc3 - 1f?
-3be2
In base 4, what is 11 - -1030320332?
1030321003
In base 6, what is 31403 - -31?
31434
In base 15, what is ab + -230?
-174
In base 12, what is 0 - 15b96?
-15b96
In base 13, what is -b796 + -3?
-b799
In base 10, what is 2 + 16030?
16032
In base 5, what is 12032 + 21?
12103
In base 7, what is 1043332 + -3?
1043326
In base 11, what is 3a + 27?
66
In base 10, what is 28477 - 5?
28472
In base 4, what is -121033113 - 3?
-121033122
In base 13, what is 0 + a39a?
a39a
In base 14, what is 12c2 + -20?
12a2
In base 7, what is -326301 + -4?
-326305
In base 4, what is 21300232 + 0?
21300232
In base 2, what is -101 + 10100000111011111?
10100000111011010
In base 6, what is 3435550 - -4?
3435554
In base 13, what is 4 - -3cbca?
3cc01
In base 16, what is -fa + -14?
-10e
In base 7, what is -1412 + -6?
-1421
In base 15, what is -202 - 2bb?
-4bd
In base 5, what is 4011042 + -3?
4011034
In base 14, what is 1 - -15?
16
In base 15, what is aa2 + 7?
aa9
In base 2, what is 100 - -1010101010011110111?
1010101010011111011
In base 5, what is 2104 - -4223?
11332
In base 10, what is -180978 - 2?
-180980
In base 2, what is 1001111001100001 + 111001?
1001111010011010
In base 14, what is 2 + 4334?
4336
In base 16, what is 0 - -79f9?
79f9
In base 13, what is -13 - a15a?
-a170
In base 10, what is -3262 - 320?
-3582
In base 8, what is -252 + 110?
-142
In base 9, what is -37666 + 2?
-37664
In base 14, what is -62d4 - 1?
-62d5
In base 10, what is -1191 - 510?
-1701
In base 13, what is -88 - -967?
8ac
In base 8, what is -2 + -275657?
-275661
In base 13, what is -312 - aab?
-10c0
In base 16, what is -21a - 3f?
-259
In base 14, what is 95295 + -5?
95290
In base 4, what is 22 - 101333303?
-101333221
In base 13, what is 98 - 383c?
-3774
In base 7, what is -61 - 6006?
-6100
In base 13, what is -13 + -6799?
-67ac
In base 8, what is 105462 - -17?
105501
In base 3, what is -12212200 + 110?
-12212020
In base 2, what is -10110111011101 + -110101?
-10111000010010
In base 4, what is -21 - -2232312?
2232231
In base 15, what is -6c27 - 9?
-6c31
In base 3, what is -2 - 1010022?
-1010101
In base 9, what is -264 + -7834?
-8208
In base 16, what is -4 - 3bce3?
-3bce7
In base 3, what is -10 - -12022122011?
12022122001
In base 7, what is 2 + -1226560?
-1226555
In base 16, what is -71 + -21?
-92
In base 4, what is 1212 + -1130210?
-1122332
In base 12, what is 5b8 - -278?
874
In base 8, what is -131 + 2430?
2277
In base 4, what is 1130 - 1323232?
-1322102
In base 16, what is a - -4c64?
4c6e
In base 11, what is 57324 - 0?
57324
In base 2, what is 11100001010 + 1001?
11100010011
In base 12, what is 4 + -3658?
-3654
In base 7, what is 12 - 204541?
-204526
In base 8, what is 601 - -165?
766
In base 10, what is 3766 - 1?
3765
In base 9, what is 15 - -542644?
542660
In base 8, what is 51 + 3264?
3335
In base 8, what is 20 - -17723?
17743
In base 16, what is -20f + 9a?
-175
In base 13, what is 209c - 6?
2096
In base 10, what is 82 + -17687?
-17605
In base 8, what is -3 - 221122?
-221125
In base 5, what is -2132 - -3141?
1004
In base 4, what is -3 - -133310120?
133310111
In base 5, what is 21 - 24302230?
-24302204
In base 6, what is -20 + 323530?
323510
In base 7, what is 11132 - -10?
11142
In base 3, what is -1210100002 - 11010?
-1210111012
In base 5, what is -3332 + -3210?
-12042
In base 8, what is 23 - 75?
-52
In base 13, what is -182 + 381?
1cc
In base 11, what is -51907a + -5?
-519084
In base 11, what is -650 - 60?
-700
In base 8, what is -2410021 + 0?
-2410021
In base 12, what is 1b782 - -10?
1b792
In base 4, what is -121033231 - 2?
-121033233
In base 6, what is -4 - -240235?
240231
In base 15, what is -1 - 166b2?
-166b3
In base 10, what is 6818 - -48?
6866
In base 16, what is 4862a - -3?
4862d
In base 6, what is 54113 - 22?
54051
In base 15, what is 0 - -4a83?
4a83
In base 16, what is -76 - aaf?
-b25
In base 12, what is -1197a7 - -2?
-1197a5
In base 16, what is -3ee - -15d?
-291
In base 16, what is 3a - -1b?
55
In base 7, what is -520405 + -4?
-5